t + b = -0. Let f = 27 - l. What is the units digit of f?
0
What is the units digit of (2/(-10)*1)/((-7)/3395)?
7
Suppose 3*z = 6*z - 12. Suppose 0 = p - 5*p + z. What is the units digit of p?
1
Suppose 1 = -2*u - 19. What is the units digit of (-1)/(12/u - -1)?
5
Let k(s) = 8*s - 11. Let l be k(-11). What is the units digit of (-3)/(-15) - l/5?
0
Let t(s) = -13*s + 10. What is the tens digit of t(-9)?
2
Suppose -3*u + 2*u + 7 = 0. Let w(m) = -m**3 + 8*m**2 - 7*m - 3. Let d be w(u). Let y(x) = -x**3 - 3*x**2 - x - 1. What is the units digit of y(d)?
2
What is the units digit of -2 + (-5)/(20/(-52))?
1
Let u be 84/(-27)*3*-3. Suppose 0 = a - 25 + 8. Let n = u - a. What is the tens digit of n?
1
Let c(m) = -4*m - 2. Let t be c(-3). Suppose 2*a + t = 24. What is the units digit of a?
7
Suppose 0 = -c - 5*c + 18. What is the units digit of c?
3
Suppose 5*i + 49 = -26. Let u be (-39)/i + 2/5. What is the units digit of (-2 - 1)/((-1)/u)?
9
Suppose 3*m = u - 40, -m + 4 = -2*u + 14. Let a = 0 - m. What is the units digit of a?
4
Let d = 6 - -30. What is the units digit of d?
6
Let m(g) = -3*g**2 - g**3 + 2*g**2 + g + 3*g**2 + 1. Let q(i) = i**2 - 6*i - 9. Let j be q(7). What is the tens digit of m(j)?
1
Suppose 5*s = 5*y - 395, -200 - 189 = -5*y + 3*s. Suppose -2*a = -a - 4*k, -k = -5*a + y. What is the tens digit of a?
1
Suppose 14*t - 10*t - 48 = 0. Let s = t - -6. What is the units digit of s?
8
Let p = 145 + -78. What is the units digit of p?
7
Suppose -6*o + 11*o = 60. Let z be (-6)/(-9) + (-14)/(-6). Suppose -z*b = -b - o. What is the units digit of b?
6
Suppose 4*k + 2*v = -4, 2*v + 2 = 5*k + 16. Let m be (-2)/k*-2 - -7. Suppose m*n - 4*o = 50, -5*o + 7 + 88 = 5*n. What is the tens digit of n?
1
Suppose 0 = m - 7 + 3. Let b(v) = v + 4. Let k be b(3). Suppose 5*g - 31 = 3*h, g - 4*h + k = m*g. What is the units digit of g?
5
Let d = -12 + 17. Let f = d - 8. Let x = -1 - f. What is the units digit of x?
2
Let y = -46 - -82. Suppose y = 3*g - 132. What is the units digit of g?
6
Suppose 348 + 42 = 6*p. What is the units digit of p?
5
Let g = 192 - 133. What is the units digit of g?
9
Let t(l) = -l**2 - 13*l - 18. Let z be 2 + 4/(-2)*7. Let r be t(z). What is the tens digit of (1 + 35)*(-3)/r?
1
Suppose -1 = 5*r + 3*v - 2, 4*r + 4*v + 4 = 0. Suppose 0 = r*d - 5*d + 9. What is the units digit of d?
3
Let p = 80 - 76. What is the units digit of p?
4
Let r = 22 - -8. Let t = -17 + r. What is the units digit of t?
3
Let k(r) = -2*r**3 - 2*r**2 - 2*r + 7. What is the hundreds digit of k(-4)?
1
Let y(s) = -s**2 + s + 13. Suppose 0*p = p. What is the tens digit of y(p)?
1
Let y = 10 - 6. Suppose -y*u + 12 = 5*i, 2*i = -2*i - 16. What is the units digit of u?
8
Let s = 1 - -2. Suppose -s*m = -m - 24. What is the units digit of m?
2
Let s be 4/22 - (-279)/99. Suppose v + 3*v - z - s = 0, -3*v + 5*z = 2. What is the units digit of v?
1
Suppose -13 = -3*d + 3*p - 2*p, -2*d - 3*p = 6. Suppose -63 = -3*w + 4*q, 5*q - 4*q = d*w - 72. What is the tens digit of w?
2
Let m(l) be the second derivative of 2*l**3/3 + 3*l. Let a be m(1). Suppose -4*z = 20, -a*t + 4*z = -3*t - 30. What is the units digit of t?
0
Let o(k) = -k + 7. Let j be o(5). Suppose d = j, -4*d - 4 = 4*a - 20. Suppose 2*x + a*c + 0*c = 10, 3*x = 3*c - 3. What is the units digit of x?
2
Let l(z) = -z**3 + 6*z - 8*z**2 - 7 + 1 + 5*z**2. Let c be l(-5). Suppose 10 = -5*b, -2*a + c = 3*b + 2*b. What is the tens digit of a?
1
Suppose 3*w - o = -0*w + 59, 3*w + o - 49 = 0. What is the units digit of w?
8
Let k = -1 - -5. Suppose k*z - 20 = -z. Suppose 2*m = s - 7, z*s - 2*m + 4*m = 8. What is the units digit of s?
3
Suppose 0*x + 182 = 2*x. What is the tens digit of x?
9
Let r = 20 + -17. Suppose 3*w = 2*i + 100, -r*w = -w - i - 65. What is the units digit of w?
0
What is the units digit of -1 + 16/10 + 492/5?
9
Let o = -160 + 181. What is the units digit of o?
1
Suppose 3*z - 1 = 2. Let w be z/(-4) + 10/8. What is the units digit of 6/2 - (-2 + w)?
4
Suppose 182 = 5*p - 103. What is the units digit of p?
7
Suppose 3*r + 2*r + 450 = 0. Let p = r - -139. What is the units digit of p?
9
Let f(n) = -n**3 + 7*n**2 + 7*n + 14. What is the units digit of f(8)?
6
Suppose -152 - 94 = -3*r. What is the tens digit of r?
8
Suppose -16*l - 4*l = -5360. What is the units digit of l?
8
Suppose 5*z + 5*i - 1431 = 2*i, -2*i - 6 = 0. What is the units digit of z?
8
Suppose -3*r = -0*r - 6. Let k(q) = -r - 5*q**2 + 4*q + 2*q**2 + 2*q**3 - q**3. What is the tens digit of k(3)?
1
Let a = 7 - 3. Let j(o) = 0*o + 4*o - a*o + 3*o + 4. What is the units digit of j(3)?
3
Let s = 13 - 9. What is the units digit of (12/10)/(s/10)?
3
Let k = -40 - -42. What is the units digit of k?
2
Suppose 10*u - 13 = 697. What is the tens digit of u?
7
Suppose 15*l + 6 = 17*l. Let r(t) = -t**3 + 5*t**2 + t - 1. What is the tens digit of r(l)?
2
Let m be ((-2)/4)/(1/(-2)). Let h = -1 + 1. Let l = m + h. What is the units digit of l?
1
Suppose -2*s - 8 = 2*s. Let x(m) = 3*m**2 + m + 2. Let n(l) = 13*l**2 + 3*l + 9. Let f(i) = s*n(i) + 9*x(i). What is the units digit of f(-4)?
4
Let u = 4 - -11. What is the tens digit of u?
1
Suppose 9*d + 45 = 4*d. Let q(y) = -y**3 + 2 - 10*y**2 - 7 + 8*y + 2*y**2. What is the units digit of q(d)?
4
Suppose 5*a + 2 = -t, 5*a - 36 = -5*t + 14. What is the tens digit of t?
1
Let d = -55 - -82. Suppose 2*p - 13 + 2 = -3*t, 4*p + d = t. What is the units digit of t?
7
Let x(t) be the second derivative of t**4/6 - 4*t**3/3 + 3*t**2 - 3*t. What is the units digit of x(5)?
6
Let s(q) = q**2 - 9*q. Let k be s(9). Suppose k - 3 = -h. What is the tens digit of ((-2)/5)/(h/(-75))?
1
Suppose -6*o + 3*o - p + 10 = 0, -2*o - 3*p + 9 = 0. Suppose o*g - 8 = -g. What is the units digit of g?
2
Suppose -v - 2*v + 21 = 0. Suppose -v = 5*t - l, -3*t - 2*l + l = 9. What is the units digit of (13 - t) + 1/(-1)?
4
Suppose -s + 5*q = -2 + 15, -3*s - 3*q = -15. What is the units digit of s?
2
What is the units digit of (-9612)/(-204) + (-4)/34?
7
Let s(z) = z**2 - 4*z - 4. What is the tens digit of s(-9)?
1
Let b = -31 - -68. What is the units digit of b?
7
Let u(c) be the second derivative of -c**3/3 - 4*c**2 - 3*c. What is the tens digit of u(-10)?
1
What is the tens digit of 1/2*-2*-29?
2
Let i be (-9)/12 - 22/(-8). Suppose 3*n + i*n = -10. What is the tens digit of 13 + n + (1 - 0)?
1
Let i be -2 + (-1 - -5) - 4. Let c be (-168)/78 - 2/(-13). What is the units digit of (5/i - 0)*c?
5
Let f = 16 + -8. Let u = f + 0. What is the units digit of u?
8
Suppose -3*i + 18 + 30 = -3*r, 0 = 4*r - i + 61. Let c(b) = 2*b**3 + 8*b**2 + 7*b. Let t be c(-5). What is the units digit of t/r - 2/(-6)?
6
Let f = 119 + 19. What is the units digit of f?
8
Suppose -119*j = -117*j - 574. What is the units digit of j?
7
Let j be 1/(-6) + 170/12. Suppose -3*p + j = c, -4*c = 2*p - 6 - 10. What is the units digit of p?
4
Suppose -4*y = -5*g - 19, 0 = -y - 2*y - 5*g + 58. Suppose 0 = v + 5*x - 5 - 4, 2*v - y = -3*x. What is the units digit of v?
4
Let w = 112 + -25. What is the units digit of w?
7
Let q(z) be the first derivative of -z**4/4 - 10*z**3/3 + 4*z**2 + 15*z + 4. Let j be q(-11). Suppose -2*x + 6*x = j. What is the tens digit of x?
1
Let w = 78 - 67. What is the units digit of w?
1
Let d(w) = 3*w**2 + 19*w. Let c(y) = 2*y**2 + 13*y. Let f(j) = -7*c(j) + 5*d(j). Let v be (10/(-4))/((-2)/(-4)). What is the units digit of f(v)?
5
Let i = 8 + -5. Let h(p) = 1 + 0*p**i - p**3 - p + p**2 + 3*p. What is the units digit of h(-1)?
1
Suppose -x = -5*x + 12. Suppose -b + 6*b + 5 = -x*z, -2*z - 6 = 2*b. Let y = z + 12. What is the units digit of y?
7
Let t = 0 + 2. Suppose 10 = t*n - 0. Suppose m = -3*m - n*x + 10, 28 = 4*m - 4*x. What is the units digit of m?
5
Let b be -1 - -2*(-9)/(-6). Suppose 3*k = b + 49. What is the tens digit of k?
1
Let o be 95/(-7) - 3/7. What is the units digit of 4/14 + (-108)/o?
8
Let z(t) be the third derivative of -t**4/12 + 4*t**3/3 + 4*t**2. What is the units digit of z(-5)?
8
Let g = 7 - 14. Let v = 19 + g. Let s = -4 + v. What is the units digit of s?
8
Let m(l) = -7*l - 1. Let v be m(-1). Suppose 3*b = 4*b + v. What is the units digit of (-44)/b + 4/6?
8
Let z(b) = -3*b**3 + 2*b + 1. Let g be z(-1). What is the units digi